pose -3*a - 3167 = -2*u, -s*a + 8807 - 827 = 5*u. Is u a prime number?
False
Suppose 5*r = -4*y + 6751, 4*y = -2*r + y + 2706. Suppose -3*t = 2*b - 19, 0 = -b - 3*b + 2*t - 2. Suppose l + b*l = r. Is l composite?
False
Let u be 4/(-6)*(1 - -17). Let i = -4 - -47. Let b = u + i. Is b a prime number?
True
Let t(p) = -2431*p + 45. Is t(-10) a prime number?
False
Suppose -7*s - 5 = -26. Suppose 6*n = -4*a + 2*n + 896, 0 = 4*a + s*n - 895. Is a composite?
False
Suppose 0 = 22*c - 21*c - 15924. Let f = c - 10423. Is f a prime number?
True
Suppose 2*t + 2186 = 2*r, -r - 3*t = -2*r + 1089. Let g = 1982 - r. Is g a composite number?
False
Let r(z) be the first derivative of 4*z**4 + 4*z**3/3 + z**2/2 - 4*z + 52. Let c(l) = -l**2 + 6*l + 3. Let n be c(6). Is r(n) a prime number?
True
Let o = 23367 - 16112. Is o a prime number?
False
Let i(w) = 2*w - 290. Let p(n) = n + 1. Let t(c) = -i(c) + 3*p(c). Is t(0) a prime number?
True
Let m(o) be the first derivative of 13*o**4/6 - o**3/3 - o**2/2 - 6*o - 9. Let h(j) be the first derivative of m(j). Is h(7) composite?
False
Let r be ((-20)/6)/(0 + 6/549). Let m = 508 + r. Is m prime?
False
Let j(d) = d**3 + 6*d**2 - 6*d - 5. Let c be j(9). Let s = 1931 - c. Suppose -n = -6*n + s. Is n prime?
False
Let w(s) = s - 8. Let x be w(13). Suppose 2*m = -x*p + 733, 0*p + p = -4*m + 1511. Is m a composite number?
False
Is ((-12)/(-18) + -1)/(10/(-2611110)) prime?
True
Let l be (-3 - -3) + (4 - 2). Let y(u) = 2*u - 1 + l*u + 58*u**3 - 2*u. Is y(1) prime?
True
Suppose 4*i = 2*r - 2, 12 = i - r + 3*r. Suppose h - i*h + 223 = -4*k, -2*h = -3*k - 421. Is h prime?
False
Let v(a) = -13*a + 19. Suppose 3*c = -m - 8, -2*m = -3*c + 2 - 22. Suppose -64 = 6*s - m. Is v(s) composite?
False
Is (2*36401/(-2))/(150/(-150)) a prime number?
False
Suppose 0 = -4*r - 32 + 28. Is 787 + (r/(-2) - 3/6) prime?
True
Let s(p) be the first derivative of p**4/12 - 2*p**3/3 + p**2/2 - p - 3. Let h(x) be the first derivative of s(x). Is h(-4) prime?
False
Let h(i) = 6*i**2 + i + 2. Let c be h(3). Let n = c - 35. Let d = n + 34. Is d prime?
False
Let c(s) = s**3 + s**2 - 3*s + 4. Let o(u) = -u**3 + 10*u**2 + 12*u - 6. Let f be 12 - 2/(-8)*-4. Let m be o(f). Is c(m) a composite number?
False
Let h(y) = y**2 + 15*y - 19. Let g be h(-16). Is (-397)/((3/g)/1) a composite number?
False
Let o = 101 + -69. Suppose 23 - o = -p. Is (-6772)/(-12) + (-12)/p composite?
False
Let n(f) = 27*f - 6. Let r(q) = 28*q - 7. Let g(c) = -4*n(c) + 5*r(c). Is g(11) a prime number?
False
Let o be (-44)/16*(-16)/(-4). Let h = 42 - o. Is h a composite number?
False
Suppose 25*k - 22*k = 4*j + 987, -3*k + 987 = -5*j. Is k prime?
False
Let a(o) = 1639*o**2 - 6*o + 3. Is a(2) a composite number?
False
Let i(t) = -494*t**3 + 9*t + 9. Is i(-2) prime?
True
Suppose 3*t = 0, -7715 = -5*j - 4*t + 5*t. Is j a prime number?
True
Suppose 6*l = 2*l + 16. Suppose 0 = -l*y + 644 + 120. Is y a composite number?
False
Suppose 0 = -2*w + s + 5164, -4*w - 4*s + 303 = -10013. Is w prime?
False
Let m(i) = 3*i**3 + 163*i**2 + 49*i - 126. Is m(-53) composite?
False
Let p(w) = 42*w + 2. Let d be p(2). Let f = 497 - d. Is f a prime number?
False
Let j be 69/(-12) - 2/8. Let z(i) = i**2 + 4*i - 9. Let q be z(j). Suppose -2*s = 2*o - o - 265, 0 = -3*o - q*s + 792. Is o prime?
True
Suppose 0 = -13*m + 854676 + 230291. Is m composite?
False
Suppose -21*d = -0*d - 6363. Is d prime?
False
Let w(p) = -p**2 - 14*p - 18. Let q be w(-13). Let g be (-441)/1 + (-2 - q). Let x = 1079 + g. Is x prime?
True
Suppose 3178 = 3*y - 1235. Is y a composite number?
False
Suppose 54268 = 2*o + 10*t - 14*t, -3*t - 81402 = -3*o. Is o composite?
True
Suppose -5*b - b = -1500. Suppose 4*o = 2*o + 1074. Let a = b + o. Is a a prime number?
True
Let c be 1*2058 - (-2)/(-1). Let f = c + -1459. Suppose -4*d + q = -f, d - 4*d = -3*q - 450. Is d a prime number?
True
Let q be 605/22*(1 + 1). Suppose q*n - 57*n + 142 = 0. Is n a composite number?
False
Let g(l) = 6*l**2 - 12*l - 7. Let w(n) = -5*n**2 + 11*n + 6. Let s(d) = -6*g(d) - 7*w(d). Let h be s(-7). Is (-46)/h + 10/(-35) a composite number?
False
Let v(a) = 42*a**3 - 16*a + 23. Is v(6) a prime number?
True
Let o(a) = 6*a**2 + 11*a + 49. Let y be o(-16). Let m be 1472/12*-3*2. Let i = m + y. Is i prime?
True
Let d(g) = 83*g**2 - 12*g + 5. Is d(6) composite?
True
Suppose 3*a - 876 = 270. Is a composite?
True
Let v = -351 + 1466. Is v a composite number?
True
Let g(w) = -2*w**3 + 7*w**2 + 7*w - 7. Let j be g(4). Suppose -j*b + 631 = -1599. Is b a composite number?
True
Suppose -2*t - 4*a = a - 26, 4*t + 3*a = 24. Suppose 74 = 4*k + q, -t*k - 5*q - 15 = -62. Is k composite?
False
Suppose 3*t = -l + 70 + 190, -5*t = 3*l - 772. Let v be l*-3*(-3)/9. Suppose -2*a + 4*a - v = 0. Is a prime?
True
Suppose 59*y - 62*y = -15. Suppose y*i = 2*i + 3*o + 6369, 0 = -2*o + 8. Is i prime?
False
Suppose 0 = 4*r + 27 + 41. Let o = 17 + r. Suppose o = -3*x - 0*x + 1905. Is x prime?
False
Let p = 7 + -7. Let r = p + -11. Is r*(-4)/(-8)*-14 a prime number?
False
Let p(g) = g**2 - 5*g - 10. Let f be p(7). Suppose q + f = 295. Is q a composite number?
True
Let z = -5867 + 9994. Is z prime?
True
Let n be (1 + 0)/(2/4). Let b = -10 + -13. Let x = n - b. Is x composite?
True
Let z(g) = 914*g + 33. Is z(10) a composite number?
False
Suppose -3*f + 8*f = 20. Suppose 0 = -4*v + 5*y + 172, 0 = -f*v - 0*v + 4*y + 168. Let r = -25 + v. Is r prime?
True
Suppose -201648 = -71*p + 23*p. Is p prime?
True
Suppose -g + 3*h - h = -9, 18 = 4*g - 2*h. Let v be g + 5/(10/(-48)). Is (-3378)/v + 5/35 a composite number?
True
Let o(y) = 2*y - 3. Let c be o(3). Suppose -4*t + 1420 = 3*v, v + 710 = 2*t + c*v. Is t a prime number?
False
Suppose 0 = -3*y + 2*i + i + 4458, 15 = -3*i. Is y prime?
True
Suppose 2*m = 5*m - 18. Let t(i) = -i**2 + 3*i + i**3 + 4 - 5*i**2 - 4*i + 4*i. Is t(m) a prime number?
False
Let x be (1071/2 - -1)/((-1)/(-2)). Suppose 0 = -s + 3*o + x, -4*s + 3*o = -4421 + 129. Is s composite?
True
Suppose -329 = -5*t + 7*t - m, 4*t - 4*m + 668 = 0. Let c = 247 - t. Is c a composite number?
False
Let m = 3809 + -1788. Is m prime?
False
Suppose 3*o - 4*v + 0 = -2, -3*o - v = -8. Let h be o*(15/6 - 0). Suppose -13 = -4*l + 2*m + 3*m, -5*l = -h*m - 15. Is l a composite number?
False
Let x(j) = -8479*j - 117. Is x(-2) a prime number?
False
Let x(h) = -h**2 - 6. Let b be x(0). Let l be (-1 - -6)*b/(-10). Is (0 + (4 - l))*751 a composite number?
False
Let w = 468 - 228. Let o = -34 - -138. Suppose 4*y - o = -2*n + 124, -5*n = 4*y - w. Is y composite?
True
Let z be -5*((2 - 766/(-10)) + 1). Let a = z - -715. Is a a composite number?
False
Suppose -3*j = -q - 61 - 31, 5*j = -q - 52. Is 3 - (q - -3)*1 prime?
False
Let g = 2280 - 1474. Let j(t) = 192*t - 3. Let o be j(3). Let h = g - o. Is h a prime number?
True
Is (-84)/42 - (-2 - (9525 - -2)) a composite number?
True
Suppose -4*g = 5*k - 64779, -10*k + 8*k - 10 = 0. Is g prime?
False
Let k = -15 + 7. Let u = -5697 + 3595. Is u/k - 6/8 a composite number?
True
Let u(i) = 3*i - 15*i + 7 + 3 + 4. Is u(-6) a prime number?
False
Let f = 38 - 8. Suppose -f + 166 = 4*m. Suppose v + m = 245. Is v prime?
True
Let v(x) = -5*x**3 + 10*x**2 + 15*x + 5. Let p(i) be the third derivative of -i**6/120 + 3*i**2. Let t(b) = 4*p(b) - v(b). Is t(13) prime?
True
Suppose -5*y + 4*f + 32 = 0, -2*y - 3*f = -5*f - 14. Let x be y*2/(-1 + 5). Suppose -5*a + 347 = -v, a - x*a + 2*v = -73. Is a a composite number?
True
Let w(a) = 6 + 17*a - 1 + 0. Suppose -4*m + 41 - 5 = 0. Is w(m) a composite number?
True
Suppose -2*v - 4 = -8. Let f be -4 - v/((-4)/2). Let c(s) = -73*s - 2. Is c(f) prime?
False
Suppose 946 = 4*l - 3*i - 5979, -4*i + 3490 = 2*l. Is l a prime number?
False
Let z(i) = -630*i + 25. Let x(v) = 1261*v - 51. Let n(d) = -6*x(d) - 11*z(d). Is n(-14) prime?
False
Is (10314/(-135))/((-6)/15) a composite number?
False
Let o(r) = 293*r + 8. Let w be o(-13). Let x = w + 9272. Is x prime?
True
Suppose -5*l - 4*i + 1624 = -451, -5*l - i = -2060. Is l a composite number?
True
Suppose 4*o = 3*y - 2, -y - 2*y + 5*o + 1 = 0. Suppose 447 = 3*w - y*q, 3*w + 0*q - 447 = q. Is w prime?
True
Suppose -94577 = -19*b + 38366. Is b composite?
False
Let o = -6913 - -9840. Is o a prime number?
True
Let b(l) 